et y(s) = 4*s**2 + 28*s - 30. Let p be y(-8). Let v be p/(-3) - (-20553)/117. Calculate the highest common factor of v and 25.
25
Let g(m) = -105*m - 201. Let c be g(-3). What is the greatest common factor of c and 3819?
57
Let q be 8 + (-2 - 0/1). Let g = q - 4. Suppose -781 - 904 - 36 = -469*x - 314. Calculate the highest common factor of x and g.
1
Suppose -2*x + 137 = x - 5*d, 4*x = -3*d + 202. What is the greatest common factor of 27881 and x?
49
Suppose 0 = 5*t + 4*o - 20821, -8470 = -3*t - 2*o + 4021. What is the highest common factor of 57 and t?
57
Suppose -3757*h + 1536892 = -3626*h. What is the greatest common divisor of 28 and h?
28
Let a = 64 - 43. Suppose -3*n - 329 = -o, 20 = 4*o - 0*o. Let s be (35/20)/((-3)/n). Calculate the highest common divisor of a and s.
21
Suppose 4*h + 7 = 3*b - 0, 5*h - 16 = b. Let u be 0 + 0 + 1 + b. Let i = 3544 + -3534. What is the highest common factor of u and i?
10
Suppose a + 5*r + 3 = 4, 3*a + 3*r - 3 = 0. Suppose 4*i - 4 = -3*s, -a = 2*i - 3. Suppose -3*y + 15 + 12 = s. What is the highest common factor of 72 and y?
9
Suppose 8 = -3*v + 4*v. Let b be (42 - -5) + (-1)/(1/2). Let c = b - 17. What is the greatest common factor of v and c?
4
Let r be (2 - 2 - -1)/(13/481). Suppose -r*g = -18*g - 21280. Calculate the highest common divisor of g and 70.
70
Let g(c) = 36*c - 380. Let p be g(13). What is the greatest common divisor of p and 14696?
88
Let s(f) = 5*f**2 - 20*f - 18. Let r be s(6). Calculate the greatest common divisor of 1162 and r.
14
Suppose 1300*b = 1344*b - 89760. What is the highest common divisor of b and 12?
12
Let h(m) = 4*m - 66. Let u be h(18). Let j be (26/(-30) + u/30)*-57. Calculate the highest common factor of 190 and j.
38
Suppose 0 = 262*q - 260*q. Suppose 140 + q = 2*s. What is the highest common factor of s and 14?
14
Suppose -61*b + 59*b + 118 = 0. Calculate the greatest common divisor of 8 and b.
1
Let n(m) = 4*m**2 - 284*m + 174. Let i be n(72). Calculate the greatest common factor of 210 and i.
42
Suppose 2*a - 9 = -v, 0*v = -3*a + v + 1. Let b be 21 + -6 + 0 + 0. Suppose 2*c = -i - 3, 5*i + 0*c = 5*c + b. Calculate the highest common divisor of i and a.
1
Suppose 3*z = 6*z + z. Suppose 5*a = -z*a + 120. Let x be (-100)/(-8)*a/10. Calculate the greatest common divisor of 20 and x.
10
Let g = -146 + 461. Let j = g + -300. Calculate the greatest common factor of 80 and j.
5
Suppose k - 3*k = -148. Let l(a) = 38*a**2 - 14 + 17*a + 12 - 16*a. Let q be l(1). What is the greatest common divisor of k and q?
37
Let x(b) = b**2 + 8*b + 2. Suppose -4*r + 8*r + 40 = 0. Let f be x(r). Suppose 26*w = 4*w + 726. What is the greatest common divisor of f and w?
11
Suppose 0*x + 42 = 2*x. Let w = 12 + -3. Suppose 7*l - w = 4*l. What is the greatest common factor of l and x?
3
Let m = 5031 + -1791. Calculate the highest common factor of 72 and m.
72
Let p = 775 - 379. Let u be p + ((-15)/(-3) - (-2 - -7)). What is the greatest common divisor of 11 and u?
11
Let o(j) = -5*j**2 + 3*j**3 + 2*j**2 - 3 + 19*j - 13*j - 1. Let n be o(3). Calculate the greatest common factor of 17 and n.
17
Let g = 2396 + -2259. Calculate the greatest common divisor of 1507 and g.
137
Let d = -40 - -32. Let c(s) = -s**3 - 8*s**2 - 6*s - 10. Let a be c(d). Suppose 2*t - 10 - a = 0. What is the greatest common divisor of 264 and t?
24
Let q be 9/(-18)*-12 + -26. Let a(w) = w + 24. Let k be a(q). Let b(v) = 7*v - 2. Let r be b(2). What is the greatest common divisor of k and r?
4
Let h be ((-36)/(-5))/((-16)/(-40)). Let g be ((-8)/(-24))/((-2)/24) + 52. Calculate the greatest common divisor of h and g.
6
Suppose 3361 - 1 = 11*i + 3*i. Let k be (-1)/1 - (-59 + -2). Calculate the highest common divisor of k and i.
60
Suppose 5*d - 5920 = -u, 2*d + 5900 = u - 3*d. Calculate the greatest common factor of 30 and u.
30
Suppose -4*q + 7 + 5 = 0, 21 = 5*c + 2*q. Suppose x - 9 = -5*i, 0 = -i + x - 0 + c. Suppose -7 = i*a - 87. What is the highest common divisor of a and 10?
10
Let b(f) = -25*f + 579. Let m be b(6). What is the greatest common divisor of 4147 and m?
143
Let b(x) be the third derivative of x**6/120 + 7*x**5/30 - x**4/2 + 35*x**3/6 - 2*x**2 - 36*x. Let w be b(-14). What is the highest common factor of 21 and w?
7
Suppose s = -2*j + 138, j + 723 = -s + 6*s. Suppose 0*t - 16*t = -s. What is the greatest common factor of t and 72?
9
Let z be -213*((-29 - 7)/(-6) + -8). What is the highest common divisor of z and 1562?
142
Suppose 0 = -9*b - b + 700. Suppose -f - b = -8*f. Let n be (-4 + 1)*-16*f/3. Calculate the highest common factor of n and 20.
20
Let a = 125 - 72. Let y = a - 33. Let w = 21 + -17. What is the highest common factor of y and w?
4
Suppose 792 = -35*x + 37*x - 5*f, -2*x = 3*f - 792. Suppose 0*r - 2*r = -24. What is the highest common factor of x and r?
12
Let k = -2110 - -2276. Calculate the highest common divisor of k and 10.
2
Let n be (-4)/8 + 225/2. Let f(v) = 49*v**2 - 231*v + 14. Let z be f(6). What is the greatest common factor of z and n?
56
Let p(x) = -2*x + 52. Let y be p(25). Suppose -4*n - y*i + 630 = 0, 13*n + 5*i - 615 = 9*n. Calculate the greatest common factor of n and 120.
40
Let z = 21 - 11. Let k(h) = 2*h**2 - 47*h + 27. Let g be k(23). Suppose 5*p - 184 = g*n, -100 = -2*p - 4*n - n. Calculate the highest common divisor of p and z.
10
Let f be (5 - 10)*(1 + -3 - 5). Suppose 12*i - 13 = f. Suppose -2*b = 4*o - 98, -81 = -i*o - 4*b + 27. What is the greatest common divisor of o and 33?
11
Let i = -24 - -33. Suppose -y + 3 = -i. Let w be (4 + (-5)/2)*y. What is the highest common divisor of w and 45?
9
Suppose -17*b = 170 - 952. Suppose -2*t - b = -3*l, 5*l - 16*t = -13*t + 75. Calculate the highest common factor of 348 and l.
12
Suppose -h - 240 = -3*y, -2*y - 5*h + 9*h = -170. Calculate the greatest common factor of y and 3239.
79
Suppose -171 = 6*q + 237. Let n = 105 + q. Suppose -2*f + 0*f + n = w, -55 = -2*f + 5*w. What is the greatest common factor of f and 10?
10
Suppose 2*o = -0*o, 4*o + 130 = 5*f. Suppose 3*h - s = f, 0*h + h + 5*s = 14. Let d be (84/378)/((-7)/(-252)*4). Calculate the highest common factor of h and d.
1
Let w(d) = -d**2 + 13*d - 40. Let h be w(7). Suppose 3*s = h*c + 91, 5*c = 7*c + 4. What is the highest common divisor of s and 2?
1
Let r = 4171 - 4132. What is the highest common divisor of 24 and r?
3
Suppose -4*v + 22 = 3*r, 0 = -0*v - 2*v + 3*r + 20. Let h = 7 - v. Suppose h = 3*a + 14 - 20. Calculate the greatest common factor of 9 and a.
1
Suppose -258*l - 469501 = -166*l - 2913849. What is the greatest common factor of l and 163?
163
Let q be (20/(-6))/((-10)/90). Let k be 1376/q + 18/135. Suppose t + 5*j = 34, -j + 3*j - k = -t. Calculate the highest common divisor of t and 9.
9
Suppose 0 = -2*t + 3*t - 8. Let x(a) = a - a**2 + 6*a**3 - t*a**2 + 9*a**3 + 6*a**2. Let o be x(2). What is the highest common divisor of o and 10?
10
Let r(p) = -83*p + 674. Let i be r(8). What is the greatest common divisor of i and 12350?
10
Suppose -w + 528 = -1185. What is the highest common divisor of w and 3?
3
Suppose -7485 = 11*i - 8541. Calculate the highest common factor of 800 and i.
32
Let b = -8 + 17. Suppose 4*y + 144 = -3*s, 41 = -s - 3*y - 12. Let o(l) = 3*l**2 + 134*l + 106. Let v be o(s). What is the highest common factor of v and b?
9
Suppose -6*y + 462 = y. Let s be 18/(-15)*6490/(-177). What is the greatest common factor of y and s?
22
Suppose 0*y + 4*y = -5*i + 72072, -28824 = -2*i - 4*y. Let v be i/476 + (-4)/14. Let j = -44 - -194. What is the greatest common factor of j and v?
30
Let q(c) = -41*c + 1599. Let l be q(33). What is the highest common divisor of l and 66?
6
Let m(k) = 3*k - 15. Let u be m(12). Suppose 0 = -2*a - 6. Let d = a - -6. Calculate the highest common divisor of d and u.
3
Let c = -114 + 131. Suppose 25*d - c*d + 208 = 0. Let b be (-3)/(-2) + (-2821)/d. What is the greatest common divisor of b and 10?
10
Let w = -5330 - -5644. Suppose 3*v = 4*v + 16. Let a = w - v. What is the greatest common factor of 30 and a?
30
Let p(q) = -q**3 - 58*q**2 + 4*q + 320. Let h be p(-58). Calculate the greatest common divisor of h and 7612.
44
Let o = 11226 + -11197. What is the highest common divisor of o and 7192?
29
Let k(c) = c**3 